{"id":43,"date":"2013-01-17T17:24:36","date_gmt":"2013-01-17T15:24:36","guid":{"rendered":"http:\/\/root.georgpohl.de\/netzwerk-agens\/neu\/?page_id=43"},"modified":"2014-11-10T12:40:37","modified_gmt":"2014-11-10T10:40:37","slug":"referenzen","status":"publish","type":"page","link":"http:\/\/root.georgpohl.de\/netzwerk-agens\/referenzen\/","title":{"rendered":"Referenzen"},"content":{"rendered":"<p><small><em>Referenzen: <\/em><\/small><\/p>\n<p><big>Unser Output: Verst\u00e4ndigung und Nachhaltigkeit.<\/big><\/p>\n<p>Netzwerk Agens e.V. agiert in vier Themenfeldern. Machen Sie sich ein Bild von unseren Projekten, Kooperationen und Auftr\u00e4gen:<\/p>\n<p><strong id=\"buerger\">1. B\u00fcrger in Entwicklungsprozessen \u2013 Bildungskonzepte und -biografien:<\/strong><\/p>\n<ul>\n<li>Stadtteilb\u00fcro mit B\u00fcrgerberatung Leipzig-St\u00f6tteritz (1993\u20131996)<\/li>\n<li>Partner im Programm \u201eLernkultur Kompetenzentwicklung \u2013 Management f\u00fcr regionale Lernkultur\u201c in Tr\u00e4gerschaft der \u201eArbeitsgemeinschaft Betriebliche Weiterbildungsforschung e.V. Berlin\u201c im Auftrag des Bundesministeriums f\u00fcr Bildung und Forschung (1998\u20132006)<\/li>\n<li>Aufbau und Leitung des \u201eTreff Fundraising Leipzig\u201c in Verbindung mit dem Deutschen Fundraising Verband (1993\u20132005)<\/li>\n<li>Entwicklung und Umsetzung modellhafter Werkstatt-Kurs-Systeme, u.a. zum regionalen Management und im Bereich Stadtmarketing (2001\u20132003)<\/li>\n<li>Projekt Berufsfr\u00fchorientierung unter Einsatz von \u201eXAGA-Spielen\u201c mit Ableitung eines Verfahrens, Liebertwolkwitz; ca. 20 weitere Projekte bundesweit mit \u201eXAGA \u2013 Das Stadtspiel\u201c \/ \u201eXAGA \u2013 Das Dorfspiel\u201c (2003\u20132006)<\/li>\n<li>Konzeption und Modellerprobung \u201eLern- und Entwicklungsagentur (LEA) Grimma\u201c \u2013 intermedi\u00e4re Agentur zur F\u00f6rderung von Prozessen des informellen Lernens in der Region (2001\u20132006)<\/li>\n<li>Aufbau eines Stiftungsfonds \u201eStiftung Agens\u201c zur F\u00f6rderung innovativer Projekte in der Stadt- und Regionalentwicklung (2003\u20132009)<\/li>\n<li>Die \u201eMittelweg-Idee\u201c: Mittelweg-Gespr\u00e4che, Mittelweg-Club, Mittelweg-Labor, Mittelweg-Werkst\u00e4tten (seit 2010)<\/li>\n<\/ul>\n<p><strong id=\"instrumente\">2. Instrumente in Entwicklungsprozessen \u2013 Spiele und Spielverfahren:<\/strong><\/p>\n<ul>\n<li>Konzeption und Umsetzung \u201eLeipziger Messespiel\u201c \u2013 Brettspiel zur Unterst\u00fctzung der Vermarktung der Alten Messe in Leipzig und als didaktisches Instrument zur Vermittlung des Gemeinwesengedankens (1999\u20132000)<\/li>\n<li>Entwicklung \u201eXAGA \u2013 Das Stadtspiel\u201c \/ \u201eXAGA \u2013 Das Dorfspiel\u201c mit Einsatz in diversen Anwendungsprojekten in den Bereichen Stadt-, Dorf- und Regionalentwicklung, Stadtmarketing, Jugendarbeit, Nachbarschaftsbildung, Kommunikationstraining und Personalentwicklung in Unternehmen (2003\u20132007)<\/li>\n<li>Entwicklung des Brettspiels \u201eAlles Dresden. Entdecken \u2013 Erkennen \u2013 Gestalten\u201c zum 800-j\u00e4hrigen Jubil\u00e4um der Stadt Dresden als Instrument f\u00fcr B\u00fcrgerbeteiligung und als offizielles Merchandising-Produkt der Stadt (2005)<\/li>\n<li>Initiierung und Mitgliedschaft im Arbeitskreis <a href=\"http:\/\/www.spielquadrat.eu\">\u201eSpielquadrat\u201c<\/a> \u2013 Experten zu Brettspiel, Planspiel, Spielevent in Deutschland, \u00d6sterreich und der Schweiz (seit 2007)<\/li>\n<li>Entwicklung <a href=\"http:\/\/www.stadtspieler.com\">\u201eStadtspieler \u2013 das Trainingsspiel f\u00fcr Stadtentwicklung und Kreativit\u00e4t\u201c<\/a> in F\u00f6rderung als Pilotprojekt des Bundesprogramms Nationale Stadtentwicklungspolitik, Werkstatt-N-Projekt 2012 des Nachhaltigkeitsrates der Bundesregierung (2008\u20132009)<\/li>\n<li>Diverse Seminare mit und Beratungen zur Spielmethode \u201cStadtspieler\u201d in Deutschland, \u00d6sterreich und der Schweiz<\/li>\n<\/ul>\n<p><strong id=\"strategien\">3. Strategien in Entwicklungsprozessen \u2013 Veranstaltungen, Seminare, Events:<\/strong><\/p>\n<ul>\n<li>Stadtteilfeste \u201eSt\u00f6tteritzer Fr\u00fchlingsfest\u201c\/\u201eSt\u00f6tteritzer Herbstfest\u201c (1991\u20131996)<\/li>\n<li>B\u00fcrgerorientierte Fachtagung \u201eLebensraum Stadtgemeinde\u201c (1995)<\/li>\n<li>\u201eNeue Nachbarn in der Stadt\u201c \u2013 Stadtteilkonferenz (1999)<\/li>\n<li><a href=\"http:\/\/www.mitspieltagung.de\">\u201emitSPIELtagung\u201c<\/a> \u2013 Internationale Fachtagung zu Spielen und spielerischen Verfahren f\u00fcr die F\u00f6rderung der Kreativit\u00e4t, Kommunikation, Kooperation in Stadt- und Dorfentwicklung, Kommunikationstraining in Unternehmen sowie Jugendarbeit, Schule und Nachbarschaft (2006)<\/li>\n<li>Entwicklung und Umsetzung \u201eRegionalwerkstatt Stadt\u2013Land\u2013Mulde \/ Zukunftsperspektiven f\u00fcr die Region\u201c zu ausgew\u00e4hlten Themen der Region (2002\u20132006)<\/li>\n<li>Werkstattforen \u201eIntegrierte Fluss- und Auenkonzepte im Muldenland\u201c, Konzept f\u00fcr KIVN, \u201eZukunftswerkstatt Gutspark Heyda\u201c (2002\u20132003)<\/li>\n<li>Kampagne \u201e<a href=\"http:\/\/365ideen.stadtspieler.com\">Stadtspieler \u2013 365 Ideen f\u00fcr Hamburg \u2013 Green Capital 2011\u201c<\/a>, Hamburg 2011<\/li>\n<li>1., 2. und 3. \u201eMittelweg-Gespr\u00e4ch\u201c, Hamburg (2010\u20132012)<\/li>\n<\/ul>\n<p><strong id=\"stadt\">4. Die Stadt als Entwicklungsprozess:<\/strong><\/p>\n<ul>\n<li>Aufbau und Leitung \u201eArbeitskreis S\u00fcdost\u201c (1993\u20132004)<\/li>\n<li>Stadtteil \u2013 Entwicklungs- und Marketingkonzept Leipzig-St\u00f6tteritz (1998)<\/li>\n<li>Projektantrag im InnoRegio Programm \u201eKompetenznetzwerk f\u00fcr regionales Innovationsmanagement\u201c (1999)<\/li>\n<li>\u201eStadtmeile\u201c \u2013 interdisziplin\u00e4re Planungen und Visionen f\u00fcr die langfristige Entwicklung der Stra\u00dfe des 18. Oktober in Leipzig, mit Foren und Ausstellung (1999\u20132000)<\/li>\n<li>Prozessmoderation und Gr\u00fcndung des Landschaftspflegeverbandes Muldenland e.V. sowie des Naturparks Muldenland e.V. mit zeitweiliger Gesch\u00e4ftsf\u00fchrung (2002\u20132004)<\/li>\n<li>Projekt \u201eHaus im Fluss \u2013 nachhaltige Perspektiven f\u00fcr Wohnen und Gewerbe in der Innenstadt Grimma\u201c und \u201eGrimmaer Stadtspiel\u201c, Projekt zur sozialen und kommunikativen Entwicklung der Grimmaer Innenstadt mit \u201eXAGA \u2013 Das Stadtspiel\u201c (2003\u20132004)<\/li>\n<li>Entwicklung der Dachmarke \u201eLudilux\u201c (2007)<\/li>\n<li>Konzeptskizze \u201eB\u00fcrgerStadtQuartiere\u201c f\u00fcr die HafenCity Hamburg (2011)<\/li>\n<li>Entwicklung des Verfahrens \u201eStadt kreativ entwickeln\u201c \u2013 unter Einsatz von <a href=\"http:\/\/www.stadtspieler.com\">\u201eStadtspieler\u201c<\/a> \u2013 mit Bewerbung im Wettbewerb \u201eStadt bauen. Stadt leben. Nationaler Preis f\u00fcr integrierte Stadtentwicklung und Baukultur\u201c (2012)<\/li>\n<\/ul>\n","protected":false},"excerpt":{"rendered":"<p>Referenzen: Unser Output: Verst\u00e4ndigung und Nachhaltigkeit. Netzwerk Agens e.V. agiert in vier Themenfeldern. Machen Sie sich ein Bild von unseren Projekten, Kooperationen und Auftr\u00e4gen: 1. B\u00fcrger in Entwicklungsprozessen \u2013 Bildungskonzepte und -biografien: Stadtteilb\u00fcro mit B\u00fcrgerberatung Leipzig-St\u00f6tteritz (1993\u20131996) Partner im Programm \u201eLernkultur Kompetenzentwicklung \u2013 Management f\u00fcr regionale Lernkultur\u201c in Tr\u00e4gerschaft der \u201eArbeitsgemeinschaft Betriebliche Weiterbildungsforschung e.V. Berlin\u201c [&hellip;]<\/p>\n","protected":false},"author":1,"featured_media":44,"parent":0,"menu_order":0,"comment_status":"closed","ping_status":"closed","template":"","meta":[],"_links":{"self":[{"href":"http:\/\/root.georgpohl.de\/netzwerk-agens\/wp-json\/wp\/v2\/pages\/43"}],"collection":[{"href":"http:\/\/root.georgpohl.de\/netzwerk-agens\/wp-json\/wp\/v2\/pages"}],"about":[{"href":"http:\/\/root.georgpohl.de\/netzwerk-agens\/wp-json\/wp\/v2\/types\/page"}],"author":[{"embeddable":true,"href":"http:\/\/root.georgpohl.de\/netzwerk-agens\/wp-json\/wp\/v2\/users\/1"}],"replies":[{"embeddable":true,"href":"http:\/\/root.georgpohl.de\/netzwerk-agens\/wp-json\/wp\/v2\/comments?post=43"}],"version-history":[{"count":6,"href":"http:\/\/root.georgpohl.de\/netzwerk-agens\/wp-json\/wp\/v2\/pages\/43\/revisions"}],"predecessor-version":[{"id":66,"href":"http:\/\/root.georgpohl.de\/netzwerk-agens\/wp-json\/wp\/v2\/pages\/43\/revisions\/66"}],"wp:featuredmedia":[{"embeddable":true,"href":"http:\/\/root.georgpohl.de\/netzwerk-agens\/wp-json\/wp\/v2\/media\/44"}],"wp:attachment":[{"href":"http:\/\/root.georgpohl.de\/netzwerk-agens\/wp-json\/wp\/v2\/media?parent=43"}],"curies":[{"name":"wp","href":"https:\/\/api.w.org\/{rel}","templated":true}]}}